
	{"id":1081,"date":"2022-06-28T15:31:14","date_gmt":"2022-06-28T13:31:14","guid":{"rendered":"http:\/\/waldemar.kgv.at\/?page_id=1081"},"modified":"2022-06-28T15:32:25","modified_gmt":"2022-06-28T13:32:25","slug":"vom-wert-der-kleingarten","status":"publish","type":"page","link":"https:\/\/kgv.at\/?page_id=1081","title":{"rendered":"Vom Wert der Kleing\u00e4rten"},"content":{"rendered":"\n<p>Die zahlreichen Kleing\u00e4rten, die sich auf einer Fl\u00e4che von etwa 1.400 ha rund um die Stadt gruppieren, sind aus dem Bild Wiens nicht mehr wegzudenken. Die Bezeichnung \u201eSchrebergarten\u201c aus dem Wiener Sprachschatz charakterisiert gleichzeitig auch am deutlichsten die liebevolle Beziehung der WienerInnen zu ihrem kleinen St\u00fcck Gr\u00fcn in der Gro\u00dfstadt.<br>Die Kleingartenbewegung nahm in Leipzig ihren Anfang. In den sechziger Jahren des 19. Jahrhunderts wurden dort auf Initiative des Arztes Daniel Gottlieb Schreber die ersten \u201eFamilieng\u00e4rten\u201c geschaffen, die vor allem den Kindern der Arbeiterschicht zu einer ges\u00fcnderen Entwicklung verhelfen sollten.<\/p>\n\n\n\n<p><br>Die Idee der \u201eSchreberg\u00e4rten\u201c breitete sich rasch in den Gro\u00dfst\u00e4dten aus, neben den sozialen Gesichtspunkten sollte auch die Volksgesundheit vom neuen Gr\u00fcn profitieren. Bis heute sind sie ein fester Bestandteil st\u00e4dtischen Gr\u00fcnraums geblieben.<br>War der eigene Garten noch vor Jahrzehnten ein wichtiger, oft \u00fcberlebenswichtiger Faktor der Selbstversorgung, so stellt er sich heute f\u00fcr viele als idealer Erholungsbereich dar. Aber auch der Gedanken des Natur- und Umweltschutzes ein wesentlicher und immer wichtiger werdender Faktor. Nicht nur als \u201egr\u00fcne Lungen\u201c in der Gro\u00dfstadt, sondern auch als Lebens- und \u00dcberlebensraum f\u00fcr Pflanzen und Tiere sind die Kleing\u00e4rten der Stadt unentbehrlich geworden und tragen einen wichtigen Teil zum Erhalt der Artenvielfalt bei.<\/p>\n","protected":false},"excerpt":{"rendered":"<p>Die zahlreichen Kleing\u00e4rten, die sich auf einer Fl\u00e4che von etwa 1.400 ha rund um die Stadt gruppieren, sind aus dem Bild Wiens nicht mehr wegzudenken. Die Bezeichnung \u201eSchrebergarten\u201c aus dem Wiener Sprachschatz charakterisiert gleichzeitig auch am deutlichsten die liebevolle Beziehung der WienerInnen zu ihrem kleinen St\u00fcck Gr\u00fcn in der Gro\u00dfstadt.Die Kleingartenbewegung nahm in Leipzig ihren [&hellip;]<\/p>\n","protected":false},"author":1,"featured_media":0,"parent":0,"menu_order":0,"comment_status":"closed","ping_status":"closed","template":"","meta":{"arc_restricted_post":false,"wp_mapbox_gl_js_media":[],"_mi_skip_tracking":false,"_monsterinsights_sitenote_active":false,"_monsterinsights_sitenote_note":"","_monsterinsights_sitenote_category":0,"ngg_post_thumbnail":0,"footnotes":""},"class_list":["post-1081","page","type-page","status-publish","hentry"],"_links":{"self":[{"href":"https:\/\/kgv.at\/index.php?rest_route=\/wp\/v2\/pages\/1081","targetHints":{"allow":["GET"]}}],"collection":[{"href":"https:\/\/kgv.at\/index.php?rest_route=\/wp\/v2\/pages"}],"about":[{"href":"https:\/\/kgv.at\/index.php?rest_route=\/wp\/v2\/types\/page"}],"author":[{"embeddable":true,"href":"https:\/\/kgv.at\/index.php?rest_route=\/wp\/v2\/users\/1"}],"replies":[{"embeddable":true,"href":"https:\/\/kgv.at\/index.php?rest_route=%2Fwp%2Fv2%2Fcomments&post=1081"}],"version-history":[{"count":2,"href":"https:\/\/kgv.at\/index.php?rest_route=\/wp\/v2\/pages\/1081\/revisions"}],"predecessor-version":[{"id":1083,"href":"https:\/\/kgv.at\/index.php?rest_route=\/wp\/v2\/pages\/1081\/revisions\/1083"}],"wp:attachment":[{"href":"https:\/\/kgv.at\/index.php?rest_route=%2Fwp%2Fv2%2Fmedia&parent=1081"}],"curies":[{"name":"wp","href":"https:\/\/api.w.org\/{rel}","templated":true}]}}